+ z - 3. Let b be s(3). Let c be b/14 - (-2)/7. Let o(t) = -t + 17. What is the remainder when 25 is divided by o(c)?
7
What is the remainder when 143 is divided by (-1)/(((-3)/(-72))/((-18)/12))?
35
Let b be 0/(-2) + (2 - 0). What is the remainder when 4 is divided by 36/(-30)*(-5)/b?
1
Let v(u) = -u**3 + 8*u**2 - 5*u + 6. Suppose -67*g - 19 = -68*g. Calculate the remainder when v(5) is divided by g.
18
Suppose -5*r - f + 11 = -2, 2*f - 10 = -2*r. Let m be -10 - (r - 1) - -2. What is the remainder when 18 is divided by -1*(m + -2 + 1)?
8
Let l(h) = 2*h**2 + 9*h. Let s be l(-12). Suppose -4*w + 5*t - t + s = 0, -w + 60 = -4*t. Let b = -15 + 29. Calculate the remainder when w is divided by b.
12
Let z(p) = -46*p**2 - 3*p - 2. Let a be z(-1). Let s = a + 78. What is the remainder when s is divided by 12?
9
Suppose -5 = -2*a + a + 3*u, -2*u = -3*a + 8. Let z = -7 - -12. What is the remainder when z is divided by a?
1
Let s be 1/(-4) - 125/(-20). Let k = s - -8. Calculate the remainder when 54 is divided by k.
12
Let i = -175 - -392. Calculate the remainder when i is divided by 44.
41
Let s(y) = y**2 - 4*y + 6. Let h(o) = o**3 - 4*o**2 - 10*o + 3. What is the remainder when h(6) is divided by s(4)?
3
Let z(m) = -m + 22. Calculate the remainder when 47 is divided by z(10).
11
Suppose 0 = 2*v - 717 + 39. What is the remainder when v is divided by 57?
54
Suppose 21 = 3*t - 9. What is the remainder when 48 is divided by (-48)/(-2) - (-10)/t?
23
Let m(g) be the first derivative of -g**2/2 + 3*g - 1. Let s = -592 - -615. Calculate the remainder when s is divided by m(-5).
7
Suppose -3*t = -0*t - 30. Suppose -7*p + 2 = -26. Calculate the remainder when t is divided by p.
2
Let d = 252 + 33. Calculate the remainder when d is divided by 72.
69
Let u = -37 - -88. Suppose -3*i - c + 0*c + u = 0, -2*i + 34 = 5*c. Calculate the remainder when 65 is divided by i.
14
Let o = 3 - -3. Suppose -3*p = -o*p + 30. What is the remainder when 19 is divided by p?
9
Suppose -5*c + 80 = 5*g, 2*c - 53 = -c + 2*g. What is the remainder when 49 is divided by c?
15
What is the remainder when 26 is divided by -3*(-3)/(-9) - -12?
4
Suppose 2*s - 4*b = 12, b - 3*b - 14 = 3*s. Let i be 132/16 - s/(-8). Let u = -6 + i. What is the remainder when 2 is divided by u?
0
Let k(x) = 50*x + 2. Let c be k(2). Suppose 0 = -5*m + c + 158. Let o = 56 - 38. Calculate the remainder when m is divided by o.
16
Suppose 27 = -5*b + 122. What is the remainder when b is divided by 5?
4
Let d(a) = -a**2 - 3*a + 3. Let w be d(-4). Calculate the remainder when (-9 + 15)*(-2)/(-4) is divided by ((-4)/6)/(w/3).
1
Let f(g) = -g**2 + 10*g + 6. What is the remainder when f(5) is divided by 9?
4
Let g = 6 + 20. Let y(h) = h**2 + 8*h + 3. Let s be y(-8). Suppose 8 = -s*q + 35. What is the remainder when g is divided by q?
8
What is the remainder when 15 is divided by 1*(2/3)/((-1)/(-15))?
5
Suppose h - 2*h = -j - 6, -h = -4*j. Let a be 37/2 - (-2)/4. Suppose -k = f - 4, a = -f + 5*f + k. Calculate the remainder when h is divided by f.
3
Suppose -4*u - b = 115, -2*u - 10 - 35 = 3*b. Calculate the remainder when 45/u*8/(-6) is divided by 2.
0
Suppose -24 - 8 = 2*m. Suppose -4*g - 3*z = -24, -z - 2 = -3*g + 3. Calculate the remainder when 29 is divided by ((-6)/g)/2 - m.
14
Suppose 2*g - 19 = -5. What is the remainder when 32 is divided by g?
4
Let n be 1/(-4)*2*-4. Suppose 0*a + n = 2*a. Calculate the remainder when 35 is divided by a*(24 + -3 - 3).
17
Let o be ((-6)/4)/(5/310). Let x(g) = -g**3 - g**2 - g + 130. Let z be x(0). Let i = z + o. What is the remainder when i is divided by 13?
11
Suppose -2*a + 67 = 2*x + a, -a = 5*x - 148. Calculate the remainder when 172 is divided by x.
27
Calculate the remainder when 37 is divided by -2*2*(-15)/3.
17
Suppose -f = -2*f + 16. Let n be 2*13 - (-5 - -8). Suppose 3*p + 5 = n. Calculate the remainder when f is divided by p.
4
Calculate the remainder when 91 is divided by 19 + (7 - (-2 - -5)).
22
Let t(h) = h**3 + h + 19. Let u be t(0). Suppose -u = -3*s - 7. Suppose 3*w - 220 = -5*a, -24 - 20 = -a - s*w. Calculate the remainder when a is divided by 23.
21
Let x(i) = -31*i**3 + i + 1. What is the remainder when x(-1) is divided by 1/(-2) + 17/2?
7
Suppose -5 = -z - 1. What is the remainder when 13 is divided by z?
1
Calculate the remainder when -124*2/(-8)*2 is divided by 21.
20
Suppose -4*t + 3*t + 9 = 0. Let k be -1 + 45 + 0 - -1. Let y = k - 19. What is the remainder when y is divided by t?
8
What is the remainder when (6/2 + -16)/(-1) is divided by 8?
5
Let n be 7/(-21) + (-1)/(-3). Let r = 2 + n. What is the remainder when r is divided by 1/(-6)*2*-6?
0
What is the remainder when 54 is divided by 29 + (0 - 0/(-1))?
25
Suppose 0 = -3*f + 3 + 6. Let c(v) = v + 3. What is the remainder when 15 is divided by c(f)?
3
Suppose 5*s = 128 + 127. Calculate the remainder when s is divided by 18.
15
Suppose 2*a = -3*j - 46, -4*j - j = a + 65. Let g = -5 - j. What is the remainder when 19 is divided by g?
5
Suppose 5*t - 5*u = 1460 - 165, -4*t + 2*u + 1040 = 0. Suppose 0 = -5*w + 4 + t. Calculate the remainder when w is divided by 18.
17
Let k = 573 + -391. What is the remainder when k is divided by 46?
44
Suppose 274 + 592 = 2*d. Suppose -3*o - 152 + d = 5*t, 5*o + 15 = 0. Let v = -19 + t. Calculate the remainder when v is divided by 20.
19
Let x(q) = -5*q - 1 + 2*q**2 + 6*q**3 + 3*q + 2. Suppose -25 - 23 = -4*l. What is the remainder when l is divided by x(1)?
5
Let h(p) = -p**2 + 4*p + 7. Let d be h(5). Suppose -d*l + 4 = -2. What is the remainder when 9 is divided by l?
0
Suppose 5*j + 7 = 3*l + 75, j - 5*l = -4. What is the remainder when 51 is divided by j?
3
What is the remainder when 136 is divided by (4 + -2)/(2/(-3)) + 40?
25
Let n = 0 - -2. Suppose -n*w - 4*z + 15 = 1, -2*w - 2*z = -12. Calculate the remainder when -1*1/(-1) + w is divided by 4.
2
Suppose 5*x - 6*x + h = -1, -4*x + 22 = 5*h. Calculate the remainder when 7 is divided by x.
1
Let l = 28 - -20. What is the remainder when l is divided by 17?
14
Suppose -b + 0 = -10. Let t = 15 - b. What is the remainder when 8 is divided by t?
3
Suppose 4*c = -2 - 10, 5*m + 5*c - 25 = 0. Suppose -m = -0*s - s. Suppose 0 = g, 2*g + s = f - g. What is the remainder when 23 is divided by f?
7
Suppose 0 = -0*z - 5*z + 250. What is the remainder when z is divided by 17?
16
Let g(s) = -s**2 + 19*s - 33. Calculate the remainder when g(11) is divided by 14.
13
Let n(y) = 4*y + 6. Let w(v) = 2*v**2 + 5*v - 3. Let d be w(-4). What is the remainder when n(5) is divided by d/(1 - (-2 + 2))?
8
Suppose 2*c - 10 = -u + 16, -12 = -3*u. Let h(f) = -f + 18. Calculate the remainder when 27 is divided by h(c).
6
Calculate the remainder when 378/15 - 2/10 is divided by (-15 - 0)*39/(-65).
7
Suppose -6*b + 4*x + 183 = -b, -4*b + 130 = 5*x. Calculate the remainder when 69 is divided by b.
34
Let n(z) = -3*z - 13. Calculate the remainder when 43 is divided by n(-12).
20
Suppose -b = -0*b - 2. Let h = 1 + b. Let j = h + 4. What is the remainder when j is divided by 4?
3
Let k(q) = -4*q**2 - 5*q - 1. Let r(i) = -3*i**2 - 6*i - 1. Let u(d) = -2*k(d) + 3*r(d). Suppose 19 = 2*f - f. What is the remainder when f is divided by u(-6)?
8
Let k = 50 - 43. Calculate the remainder when 25 is divided by k.
4
Suppose 4*o = 55 + 145. Let n = o - 36. Suppose a - 81 = -2*a. Calculate the remainder when a is divided by n.
13
Let p(d) = d**2 + d - 1. Calculate the remainder when p(4) is divided by 7.
5
Let d be -1*(-2 - -3) + -9. Let m = -14 - -26. Let n = m - d. Calculate the remainder when n is divided by 12.
10
Suppose -4*g - 3*d = -10 - 14, d = g + 1. Let a = -18 - -31. Calculate the remainder when a is divided by ((-2)/g - 1)*-3.
3
Let p(u) = -u**3 + 12*u**2 - 10*u - 8. Let l be p(11). Suppose -l*r + 5*b = -41, -5*r + 3*b + 77 = -18. Calculate the remainder when 86 is divided by r.
20
Suppose -34 + 9 = -5*w. Calculate the remainder when 12 is divided by w.
2
Let w(k) = k**2 + 4*k - 10. Calculate the remainder when w(5) is divided by 9.
8
Suppose 150 = 2*a - 7*a. Let x = -20 - a. What is the remainder when 28 is divided by (-6)/(-6) + (x - 1)?
8
Let y(u) = -2*u + 11. Let m be (26/(-13))/((-4)/10). Calculate the remainder when 4 is divided by y(m).
0
Let 